5. Let x = -24 - a. Let y be (x/(-2))/((-13)/26). What is the highest common factor of y and 189?
21
Suppose -8*h + 3*h = -70. Let m be (-25)/5*15/25. Let u be m/(2*12/(-112)). Calculate the highest common factor of u and h.
14
Suppose 5*o + 20 = -0*o. Let j = -2 - o. Suppose 0*n + 3 = 3*n. Calculate the highest common divisor of n and j.
1
Suppose -12*x + 257 = -55. What is the highest common divisor of x and 2?
2
Suppose 4 = -5*x - 5*k + 44, -2*x = -3*k - 26. Suppose p + 185 = 4*d, d + 4*p - 50 = 5*p. Calculate the highest common factor of d and x.
5
Let a(t) = 8*t + 12. Let y be a(-9). Let i be 0 + y/(-2 + 1). What is the highest common factor of i and 24?
12
Suppose 0 = -0*g + 2*g - 16. Let l(a) = 21*a**2 + a - 2. Let d be 15/20 + 3/12. Let o be l(d). What is the greatest common divisor of g and o?
4
Let a = 10 - -1. Let w = 12 - a. Let g = w - -79. Calculate the greatest common factor of g and 10.
10
Let g = 1310 + -1126. Calculate the greatest common factor of g and 230.
46
Let y be (-7)/42 - (-55)/6. Suppose 2 = -2*q + 3*q. Let r be q - (72/(-1) + 2). What is the highest common factor of y and r?
9
Suppose -2*b + 131 = -163. Let f(k) = -k**3 + 4*k**2 + 7*k - 2. Let h be f(5). Suppose z = -h*z + 189. Calculate the greatest common factor of b and z.
21
Let u be ((-8)/(-2) - 3)*9*-1. Let j be (6 - 235/45) + (-2)/u. Calculate the highest common divisor of j and 9.
1
Suppose -4115 + 15777 = 17*n. Calculate the greatest common divisor of 196 and n.
98
Suppose 10*a = -193 + 253. Calculate the highest common factor of a and 180.
6
Let z(o) be the third derivative of o**6/40 - o**5/60 + o**4/12 - 3*o**3/2 + o**2. Let f be z(5). Calculate the greatest common factor of 39 and f.
39
Let q(p) = -p**2 - 7*p - 4. Let a be q(-6). Suppose -a*s + 442 = -2*v, 2*v = -s - v + 201. Calculate the greatest common divisor of s and 27.
27
Suppose g = 2*i - 61, 3*g + 158 = 4*i + 31. Let j = 1260 - 1218. What is the greatest common factor of j and i?
14
Let k(u) = -2*u - 46. Let v be k(-25). Calculate the highest common factor of v and 524.
4
Let c = -411 - -429. Let n = -39 + 57. Calculate the greatest common divisor of c and n.
18
Suppose m - 5*m = -5*d + 73, 4*d + 4*m = 80. Suppose 0 = 3*z + 10 + d. Let b = z + 10. Calculate the greatest common factor of 1 and b.
1
Let k(m) = 10*m**2 + m + 2. Let q be k(-1). Let n = 1 + q. Calculate the highest common divisor of 96 and n.
12
Let l be (-12 - (-194)/16) + 4983/8. Calculate the greatest common divisor of 14 and l.
7
Let f be -3*8/(-4) - -90. Calculate the greatest common divisor of 168 and f.
24
Let d be (90/(-72))/(1/(-4)). Let y(r) = -r**3 - 10*r**2 + 8*r - 12. Let o be y(-11). Suppose 0 = -5*h - o + 96. What is the highest common factor of d and h?
5
Suppose -r + 9 = -1. Let n(d) = -d**2 + 9*d + 11. Let b be n(r). Let v = -840 - -841. What is the highest common divisor of b and v?
1
Let b = 68 - 54. Calculate the greatest common divisor of 448 and b.
14
Let a = 1996 + -1971. What is the highest common factor of 40 and a?
5
Let d be (80/24)/((-6)/(-9)). Calculate the highest common divisor of 125 and d.
5
Suppose -2*c + n = -5*c + 15, -2*c = 4*n - 20. What is the highest common divisor of 196 and c?
4
Let l(z) = 0*z + 3*z + 4*z + 8*z**2 + 10 + z + z**3. Let f be l(-7). Suppose f*i - 1 = 2*n, -3*i + 3 + 2 = 2*n. What is the highest common factor of n and 11?
1
Let u = -682 + 756. Calculate the greatest common factor of u and 4.
2
Let g be -2*(-2 - 6/6). Calculate the highest common divisor of 270 and g.
6
Suppose h = 289 - 211. What is the greatest common divisor of h and 104?
26
Let l(d) = d**3 - 2*d**2 - d + 13. Let b be -3 - -4*(4 - 0). Suppose 14*m = b*m. Let c be l(m). Calculate the highest common divisor of 104 and c.
13
Let i(l) = 3*l + 24. Let s be i(11). Calculate the highest common divisor of s and 228.
57
Suppose 0 = 4*b - 3*b - 2*a - 12, b = a + 8. Calculate the highest common divisor of 68 and b.
4
Let k(a) = -10 + 4*a - a - 4*a. Let p be k(-7). Let r be 9*2 + p/1. Calculate the highest common factor of r and 3.
3
Let w = 24 - 14. Suppose 4*m = -2*f + 314, -8*f + 166 = 2*m - 10*f. What is the greatest common divisor of w and m?
10
Suppose s - 34 = 12. Suppose d + v - 36 = 2*v, 4*v + 36 = d. Suppose 2*b + l - 9 = d, -4*l = 3*b - 65. What is the highest common divisor of b and s?
23
Let l = 8 - 6. Suppose 2*h - 76 = -l*h. Calculate the highest common divisor of h and 133.
19
Let g = 891 + -619. Suppose -3*h + 75 = -27. Calculate the greatest common divisor of h and g.
34
Suppose -2*t - g - g + 20 = 0, -12 = -t - 3*g. Suppose 4*w = -4*k + 25 + 15, 3*w + 5*k = 38. Calculate the highest common divisor of w and t.
3
Suppose 8*d = 3*d + 25. Suppose -i = -17 + d. Calculate the greatest common divisor of 12 and i.
12
Let g = 148 - 145. Let j = 48 - -38. Suppose j + 4 = g*d. What is the greatest common factor of 120 and d?
30
Let i = -31 - -38. Suppose 0*m - 84 = -i*m. Suppose -g + 8 - 2 = 0. Calculate the greatest common factor of m and g.
6
Suppose 5*o + f = 20, 2*o - 16 = -2*o - 3*f. Suppose -4*v = -q + 31, q + o*q - 87 = 3*v. Calculate the greatest common factor of 75 and q.
15
Suppose 0 = 5*x + 132 - 472. Suppose x + 399 = 4*r - d, 0 = -2*d + 2. What is the highest common divisor of 13 and r?
13
Suppose 20*j - 15*j + 440 = 0. Let a = j + 152. Let t = -21 + 37. What is the highest common divisor of a and t?
16
Let a = -3120 - -3124. Let y(j) = j - 1. Let u be y(-2). Let i be (u - -2) + 2 + 0. What is the greatest common divisor of i and a?
1
Let d(o) = 24*o - 24. Let s be d(7). Let l = 29 - 11. Calculate the greatest common factor of s and l.
18
Let l = -1040 + 2352. Calculate the highest common factor of l and 32.
32
Let z = -36 - 7. Let x = -20 - z. Suppose -4*b - x = -107. What is the highest common divisor of b and 14?
7
Let c be (-2)/15 - 754/(-30). Calculate the highest common factor of c and 15.
5
Let q(g) = -5*g - 9. Let i be q(-4). Suppose 15*c - i*c = 0. Suppose l - 9 - 1 = c. What is the greatest common factor of 10 and l?
10
Suppose 5*k = -57 + 282. What is the greatest common factor of k and 153?
9
Let p = -34 - 20. Let m = 62 + p. Let l(t) = t**2 + t. Let g be l(1). What is the greatest common divisor of g and m?
2
Suppose -m - 5*f = 2 - 19, -4*f = 5*m - 22. Suppose m*s = -3*s + 75. Let j be (-525)/(-200) - 6/(-16). Calculate the greatest common factor of j and s.
3
Let d be (-4)/(-5 - (-63)/13). Suppose -5*t + 0*t = -65. What is the greatest common divisor of d and t?
13
Suppose 2*l + 5*u - 1615 = 0, -5*l + 860 = 2*u - 3230. Calculate the highest common factor of l and 20.
20
Suppose h = -k, 3*h - 11 = -5*k - 3. Let w = 0 - 0. Suppose w = -f - 2*g + 140, -k*f - 3*g + 851 = 301. What is the highest common divisor of f and 17?
17
Let q = -72 + 122. Calculate the highest common factor of q and 20.
10
Let p(k) = k**3 + 4*k**2 - 9*k - 15. Let s be p(-4). What is the highest common factor of 273 and s?
21
Suppose 85*a - 216 = 464. Let b = -219 - -307. What is the greatest common divisor of b and a?
8
Suppose 4 = a - 27. Let n = -25 + a. Calculate the greatest common divisor of 54 and n.
6
Let o(b) = 2*b**2 + 5*b. Let a be o(-3). Suppose a*q + 5*n - 67 = 0, n + 3 = -2*q + 50. What is the highest common divisor of q and 3?
3
Let o = 845 - 795. What is the highest common factor of o and 60?
10
Let u = 0 - -4. Let k = u + -2. Suppose -k*m = -5*r - 5*m + 300, 3*r - 5*m - 180 = 0. What is the greatest common factor of 12 and r?
12
Suppose -7 - 33 = -5*a. Let p = a + 18. What is the greatest common divisor of 39 and p?
13
Let r be 0*(-2 + (-35)/(-20)). Suppose r = 2*o - 26 + 6. What is the highest common divisor of o and 20?
10
Let s = 83 + -16. Suppose -5*t + 28 + s = 0. Let u = t - 11. Calculate the highest common divisor of 12 and u.
4
Let o(i) = -i**3 - 3*i**2 + 7*i - 3. Let b be o(-4). Let n be (0 + (-12)/b)/((-2)/(-5)). What is the highest common factor of n and 2?
2
Let l = -275 + 284. What is the highest common factor of 9 and l?
9
Let q be (-8)/(((-6)/27)/((-20)/(-15))). Suppose -2*l + 60 = 3*l. Calculate the greatest common divisor of l and q.
12
Suppose -3*t + f + 597 = 0, -5*f + 837 - 60 = 4*t. Let r be 7/(-35) + (-56)/(-5). Suppose -r = -y + 11. What is the greatest common factor of t a